is 5720 + 3?
5723
In base 9, what is 123255 - -10?
123265
In base 8, what is 121 + -3377?
-3256
In base 16, what is -995 + -3d2?
-d67
In base 12, what is 11 + 1294?
12a5
In base 10, what is -891558 + -3?
-891561
In base 12, what is 42153 + 1a?
42171
In base 15, what is e6 + -b3?
33
In base 10, what is 65405 - 4?
65401
In base 3, what is 102 + 11111102021?
11111102200
In base 5, what is 10 - -1043410?
1043420
In base 16, what is 4 + 167a?
167e
In base 11, what is -46 - -824?
789
In base 12, what is -7 + -34b03?
-34b0a
In base 10, what is -4 + 5072?
5068
In base 16, what is 2ebf9 - -1?
2ebfa
In base 16, what is -7c85 - 9d?
-7d22
In base 6, what is 10425 + 15?
10444
In base 16, what is -12 - 20e8?
-20fa
In base 14, what is 643 - 537?
10a
In base 5, what is 130021 - 11?
130010
In base 10, what is -3 + 144179?
144176
In base 6, what is 0 + -111324?
-111324
In base 8, what is 3 + 2267130?
2267133
In base 10, what is 579872 + 1?
579873
In base 4, what is 10 - -121223331?
121230001
In base 3, what is 10112102101 + 0?
10112102101
In base 9, what is 5548184 + -5?
5548178
In base 16, what is fdc8 + -2?
fdc6
In base 8, what is 64775 - 3?
64772
In base 16, what is 132cc + 9?
132d5
In base 11, what is 11 - -11aaa7?
120008
In base 8, what is 244 - -1667?
2133
In base 16, what is -3 + -b878?
-b87b
In base 9, what is -73217 + 1?
-73216
In base 14, what is 2 - -1159d?
115a1
In base 5, what is -103 - -1011204?
1011101
In base 2, what is 101 + -100010110000011?
-100010101111110
In base 11, what is 86 - 157?
-81
In base 2, what is -10 - -1111111001111100?
1111111001111010
In base 10, what is 2219 - 1?
2218
In base 8, what is -3 - -1331746?
1331743
In base 12, what is -1 + 9400?
93bb
In base 15, what is -3 - -6ad3?
6ad0
In base 3, what is -121102 + 1010121?
112012
In base 13, what is 4c53 - -15?
4c68
In base 5, what is -444 + -33230?
-34224
In base 8, what is -21742 - -435?
-21305
In base 7, what is 10 + 22201?
22211
In base 11, what is 18367 + 1?
18368
In base 5, what is 2120144 - -3?
2120202
In base 6, what is -140334 - -23?
-140311
In base 13, what is -22 + 231?
20c
In base 7, what is 4552410 - 6?
4552401
In base 12, what is -4 + -6bb1?
-6bb5
In base 4, what is -3330 - -1122011?
1112021
In base 16, what is 707 + -d?
6fa
In base 9, what is 4074 - -2633?
6717
In base 5, what is 3 + 32400031?
32400034
In base 9, what is -7732 + 5?
-7726
In base 13, what is 11 + 10067?
10078
In base 11, what is 114225a - -5?
1142264
In base 13, what is a8163 - -4?
a8167
In base 11, what is 2937 + -30?
2907
In base 11, what is 953 - -5a5?
1448
In base 11, what is 0 - 174922?
-174922
In base 9, what is 2 + 20410?
20412
In base 14, what is 4 - 3c553?
-3c54d
In base 2, what is 11111 + -1011101101?
-1011001110
In base 8, what is 1357 + 33?
1412
In base 14, what is -2621 - 7?
-2628
In base 10, what is -1 + -119524?
-119525
In base 10, what is -5996 + -5?
-6001
In base 4, what is 112 + 21303?
22021
In base 15, what is -1b361 - 3?
-1b364
In base 11, what is -4 - -1a857?
1a853
In base 3, what is 202 - 101212012?
-101211110
In base 9, what is 6 - 37343?
-37336
In base 13, what is 7 + -c0932?
-c0928
In base 4, what is 10 + 331212013?
331212023
In base 11, what is 5 - -17a24?
17a29
In base 4, what is -110 + 31112?
31002
In base 12, what is 111 + -1b97?
-1a86
In base 4, what is -100331111 - 201?
-100331312
In base 5, what is 0 + 1013443?
1013443
In base 14, what is d1ba + -5?
d1b5
In base 7, what is 44 - 220030?
-216653
In base 11, what is 87222 + -3?
8721a
In base 10, what is -91 - -1329?
1238
In base 6, what is -344512 - 145?
-345101
In base 16, what is 6 - 6020e?
-60208
In base 15, what is 72 - 1dcd?
-1d5b
In base 5, what is -330311 + -4?
-330320
In base 8, what is 4 - -1731?
1735
In base 16, what is -3b47aa + -1?
-3b47ab
In base 10, what is 220 - 4246?
-4026
In base 13, what is 16 + -23682?
-23669
In base 2, what is 1111 + 10001000100100111?
10001000100110110
In base 6, what is 322 + 4252?
5014
In base 13, what is 4 - 88802?
-887cb
In base 5, what is -2032000 + -4?
-2032004
In base 8, what is -64351 - -26?
-64323
In base 13, what is -2 + 7121?
711c
In base 11, what is 166a1a + 1?
166a20
In base 16, what is 262 + 2bb?
51d
In base 11, what is -4555 - -5?
-4550
In base 3, what is 2 - 11210112210?
-11210112201
In base 7, what is -4 - 600300?
-600304
In base 3, what is 12 - -1200001220?
1200002002
In base 10, what is 0 - 398510?
-398510
In base 16, what is dc - 2?
da
In base 16, what is 2 + 1f566?
1f568
In base 2, what is 10 - -100101101001110101000?
100101101001110101010
In base 12, what is -462 + 2ba?
-164
In base 5, what is 2023 + -1113?
410
In base 4, what is 1301 - -2113320?
2121221
In base 13, what is -4 + -8b12?
-8b16
In base 7, what is 1135 - 3165?
-2030
In base 11, what is -4452 - a?
-4461
In base 6, what is 42355 + 5?
42404
In base 7, what is 1044 - -44?
1121
In base 3, what is -1101001201 + -220?
-1101002121
In base 4, what is -302101 + 213?
-301222
In base 3, what is 102121001122 - -22?
102121001221
In base 8, what is -4735075 - 1?
-4735076
In base 15, what is -7d + -764?
-7e2
In base 10, what is -206 + -101?
-307
In base 12, what is -4 + -15214?
-15218
In base 15, what is -1 - -e43?
e42
In base 3, what is 22101202 + 100?
22102002
In base 3, what is -1020212002 - 0?
-1020212002
In base 4, what is 3 + -1001002?
-1000333
In base 16, what is 1 + -3ef0?
-3eef
In base 13, what is 115 - -56?
16b
In base 4, what is 1121 + -203023?
-201302
In base 6, what is -151 + 154?
3
In base 12, what is 834 + -25?
80b
In base 12, what is 63b - 143?
4b8
In base 13, what is 8761 - -2?
8763
In base 12, what is 8 - -1785?
1791
In base 11, what is -3 - -239464?
239461
In base 14, what is 25 + 26d?
294
In base 6, what is -1342121 + -4?
-1342125
In base 6, what is 2553 + 2012?
5005
In base 4, what is -11010303 + -1?
-11010310
In base 7, what is 46 - 20314?
-20235
In base 16, what is 1ae3 - 4?
1adf
In base 8, what is 1175276 + -5?
1175271
In base 13, what is -827ab - 0?
-827ab
In base 11, what is -306 - -10a?
-1a7
In base 2, what is -11100100001 + -1010?
-11100101011
In base 14, what is 341a - -14?
3430
In base 14, what is -3 - -82d?
82a
In base 5, what is 114241 - 11?
114230
In base 16, what is -2 - 186888?
-18688a
In base 3, what is 12 - 100200002?
-100122220
In base 6, what is -154421 - -2?
-154415
In base 12, what is 227101 + 0?
227101
In base 7, what is 41 + 555?
626
In base 15, what is -6b4 - 1d?
-6d2
In base 6, what is -2335 - -155?
-2140
In base 2, what is -111101101001 - -11111111?
-111001101010
In base 15, what is -68e - 15?
-6a4
In base 3, what is 12 - 210101220?
-210101201
In base 4, what is -11231312211 - -3?
-11231312202
In base 5, what is 34232 - 121?
34111
In base 12, what is 2634 + 22?
2656
In base 3, what is -1000122122 + 1?
-1000122121
In base 10, what is 494132 - -4?
494136
In base 12, what is 0 + 882076?
882076
In base 9, what is -5 - 10137?
-10143
In base 2, what is 1101 - 100001101110001100?
-100001101101111111
In base 3, what is -112201222 - -10?
-112201212
In base 4, what is 330312 - -33?
331011
In base 2, what is -1000 + -1101000010101101111?
-1101000010101110111
In base 2, what is 11011100010 + -1000?
11011011010
In base 7, what is -236440 - 0?
-236440
In base 12, what is -6366 - b?
-6375
In base 7, what is -261235444 - 3?
-261235450
In base 3, what is -12021 + -20020?
-102111
In base 16, what is -19 - 6a11?
-6a2a
In base 15, what is -1279e1 - -4?
-1279dc
In base 15, what is -1e - -9b5c?
9b3d
In base 4, what is 12032010 - -132?
12032202
In base 13, what is 5137 - 97?
5070
In base 4, what is 10003 + 23133?
33202
In base 4, what is -1200132 + 21?
-1200111
In base 16, what is 149c2 + -2?
149c0
In base 9, what is 4180 - -32?
4222
In base 16, what is 379 - -47?
3c0
In base 15, what is -4 - -4a2a4?
4a2a0
In base 3, what is -12 - 111020100001?
-111020100020
In base 10, what is 6661 - 110?
6551
In base 9, what is -363 + -24324?
-24687
In base 6, what is -1532010 - 3?
-1532013
In base 16, what is 3 + 3d552?
3d555
In base 8, what is -41334415 - -3?
-41334412
In base 16, what is -121 + -b2?
-1d3
In base 5, what is 243214 - 0?
243214
In base 12, what is 68 + 2b?
97
In base 12, what is a49a7 + -4?
a49a3
In base 5, what is 20 - -11233021?
11233041
In base 5, what is 31 - -1140004?
1140040
In ba